5).
10
Let k(q) = q**2 + 2481*q - 282314. Determine k(109).
-4
Let g(j) = -6*j**3 - 59*j**2 + 14*j - 4. Calculate g(4).
-1276
Let k(f) = 7*f**2 + 693*f - 12851. Give k(18).
1891
Let b(x) = -5*x**2 - 375*x + 109338. What is b(115)?
88
Let m(j) = -1136*j + 2918. Calculate m(4).
-1626
Let v(w) = -19*w**3 - 8*w**2 - 744*w + 3775. Give v(5).
-2520
Let k(f) = -f**2 - 258*f - 1959. Determine k(-252).
-447
Let s(c) = 5932*c + 1910097. Give s(-322).
-7
Let h(w) = -7*w**2 - 9971*w - 254514. Give h(-26).
0
Let p(i) = 14*i**2 + 199*i - 1980. Determine p(-21).
15
Let y(x) = 31635*x - 63124. Calculate y(2).
146
Let v(c) = -1950*c + 237. What is v(0)?
237
Let a(r) = -363*r + 6583. Give a(18).
49
Let d(l) = -3*l**2 - 362*l - 2088. Give d(-6).
-24
Let z(s) = -15*s**2 + 201*s - 1523. Give z(7).
-851
Let g(f) = -4*f**2 - 325*f + 11601. Give g(27).
-90
Let g(m) = m**3 - 33*m**2 - 48*m + 18. Calculate g(33).
-1566
Let k(d) = 12*d**2 - 584*d + 6976. What is k(21)?
4
Let m(u) = -u**2 + 6466*u - 415836. Determine m(65).
229
Let n(b) = 2733*b - 54735. What is n(20)?
-75
Let r(f) = -f**3 - 44*f**2 - 417*f + 99. Calculate r(-27).
-1035
Let t(f) = 5249*f + 21039. Give t(-4).
43
Let s(z) = 273*z + 11739. Give s(-43).
0
Let p(d) = -20543*d - 1705070. Determine p(-83).
-1
Let s(q) = 15*q**2 - 3926*q + 242572. What is s(100)?
-28
Let v(o) = 83*o**2 - 3191*o - 5135. Calculate v(40).
25
Let v(g) = -3*g**2 - 440*g - 5216. Give v(-13).
-3
Let u(b) = -b**2 - 1148*b + 102187. Determine u(83).
14
Let t(w) = w**2 - 311*w - 9048. Calculate t(-28).
444
Let z(f) = 2*f**3 - 18*f**2 + 95*f - 25. Determine z(6).
329
Let m(c) = -c**2 + 19*c + 382. Give m(15).
442
Let b(d) = 2*d**3 - 22*d**2 - 209*d + 2539. What is b(12)?
319
Let u(o) = -197*o - 1873. Determine u(-10).
97
Let c(w) = 32*w**2 - 3229*w - 256. What is c(101)?
47
Let d(h) = 27341*h - 410093. Give d(15).
22
Let l(i) = 77271*i + 5718052. Give l(-74).
-2
Let d(y) = -52*y**3 - y**2 + 102*y + 319. Give d(-3).
1408
Let c(d) = -179057*d - 3939250. Determine c(-22).
4
Let n(t) = 2*t**3 + 420*t**2 + 414*t - 781. Give n(-209).
55
Let a(v) = 3*v**2 - 134*v + 49. Calculate a(4).
-439
Let k(n) = 544*n - 7834. What is k(13)?
-762
Let q(k) = 6*k**3 - 92*k**2 - 3584*k + 54206. Determine q(15).
-4
Let m(c) = -63*c**2 + 999*c + 593. Determine m(17).
-631
Let d(v) = 3*v**2 - 19483*v + 543205. Calculate d(28).
33
Let k(m) = -m**3 + 79*m**2 - 1343*m + 1274. Give k(23).
9
Let i(d) = -545*d - 1290. What is i(0)?
-1290
Let s(v) = v**3 - 619*v**2 - 385*v - 532199. What is s(621)?
-2
Let z(n) = n**2 - 47*n + 442. Calculate z(35).
22
Let x(n) = 4*n**2 + 4666*n + 51440. What is x(-11)?
598
Let u(t) = -t**2 - 2284*t - 144332. Give u(-65).
-97
Let b(v) = -85*v**2 + 54*v + 165. Calculate b(-3).
-762
Let s(d) = 20645*d + 1981950. Calculate s(-96).
30
Let s(y) = -y**3 - 3*y**2 + 74*y + 298. What is s(-4)?
18
Let j(p) = -155*p**2 + 13797*p - 174. Calculate j(89).
4
Let k(u) = -u**3 - 68*u**2 - 1039*u + 1559. Give k(-43).
11
Let n(b) = -323*b**2 - 5896*b - 1485. Give n(-18).
-9
Let i(c) = -34759*c + 40980866. Determine i(1179).
5
Let i(d) = -2*d**3 + 759*d**2 - 379*d + 3. What is i(379)?
3
Let a(v) = -83452*v + 2086295. Give a(25).
-5
Let o(j) = j**2 - 250*j - 7811. What is o(-28)?
-27
Let l(q) = -q**3 - 43*q**2 - 4*q - 58. Give l(-43).
114
Let i(r) = 102*r + 2035. Calculate i(-26).
-617
Let p(m) = 8*m**3 + 5338*m**2 - 4012*m - 2668. Give p(-668).
4
Let y(k) = -6*k**3 + 25*k**2 + 168*k + 33. Calculate y(-7).
2140
Let b(k) = -k**2 - 342*k - 27976. Give b(-207).
-31
Let u(c) = c**2 + 500*c + 61084. What is u(-212)?
28
Let y(u) = -5746*u + 224060. Give y(39).
-34
Let u(n) = -21*n**2 - 3997*n - 16921. What is u(-186)?
5
Let h(r) = r**3 + 122*r**2 - 478*r + 3287. Determine h(-126).
11
Let t(d) = -203*d - 56945. Calculate t(-279).
-308
Let y(l) = -62*l**2 - 665*l + 998. Give y(-12).
50
Let s(i) = 10373464*i - 10373471. Determine s(1).
-7
Let q(r) = -322*r + 1250. Calculate q(8).
-1326
Let m(w) = w**3 - 85*w**2 + 267*w - 25. Calculate m(3).
38
Let g(n) = -99640*n + 498040. Calculate g(5).
-160
Let n(k) = k**3 - 100*k**2 + 1993*k + 4652. Give n(71).
-34
Let v(y) = y**2 - 724*y + 43164. Give v(68).
-1444
Let q(a) = -14731*a - 574510. Calculate q(-39).
-1
Let c(x) = 4*x**3 - 3979*x**2 + 6948*x + 2985. Give c(993).
6
Let n(r) = -r**3 + 34*r**2 - 64*r + 295. What is n(32)?
295
Let j(h) = -10*h**2 + 1524*h - 2107. Determine j(151).
7
Let f(d) = 11453*d - 8452294. What is f(738)?
20
Let k(u) = -2*u**3 - 582*u**2 - 20498*u + 502. Determine k(-250).
2
Let s(u) = -92*u - 1636. What is s(-10)?
-716
Let l(n) = 10*n**3 + 4*n**2 + 162*n - 165. Determine l(1).
11
Let m(v) = 192*v + 563. Give m(-4).
-205
Let z(d) = d**3 - 6*d**2 - 83*d + 549. Determine z(9).
45
Let d(i) = -30162*i + 27598232. Give d(915).
2
Let n(w) = w**3 - 424*w**2 + 1824*w + 113548. Determine n(419).
-1
Let t(f) = -3*f**3 - 36*f**2 - 140*f - 1235. Calculate t(-11).
-58
Let i(w) = 57104*w - 36032629. What is i(631)?
-5
Let i(k) = -40825*k - 408254. Give i(-10).
-4
Let y(r) = -68*r + 666. What is y(17)?
-490
Let n(i) = -56763*i + 794668. Give n(14).
-14
Let y(t) = 52*t + 481. Determine y(-16).
-351
Let i(k) = 2*k**3 + 551*k**2 - 260*k + 4480. Give i(-276).
64
Let j(q) = -469*q**2 + 6*q - 9. What is j(0)?
-9
Let b(q) = -q**2 + 155*q - 2269. Calculate b(142).
-423
Let d(w) = 7888*w + 110524. Determine d(-14).
92
Let g(o) = 2*o**3 + 10*o**2 + 48*o - 5. What is g(-9)?
-1085
Let h(o) = 486*o - 956. Determine h(4).
988
Let z(i) = -i**3 + 46*i**2 + 2499*i - 73. Calculate z(78).
161
Let n(p) = 773*p - 28511. Calculate n(37).
90
Let l(d) = -34900*d + 3036270. Calculate l(87).
-30
Let f(h) = h**3 - 3*h**2 - 3152*h + 9463. What is f(3)?
7
Let r(v) = 43*v**2 + 366*v + 1079. Determine r(-3).
368
Let c(y) = -25631*y - 128158. What is c(-5)?
-3
Let y(v) = 37*v**3 - 217*v**2 - 42*v + 271. Give y(6).
199
Let r(v) = -v**3 + 45*v**2 - 6*v + 41. Calculate r(0).
41
Let r(p) = p**2 + 2187*p + 51955. Give r(-24).
43
Let w(f) = 6*f**2 - 1214*f - 2034. Give w(204).
6
Let q(x) = 756*x**3 + x**2 - 4*x - 5. Calculate q(-1).
-756
Let f(s) = -58*s - 6060. Determine f(-104).
-28
Let z(h) = -h**3 + 1246*h**2 + 156516*h + 142. Give z(-115).
27
Let i(v) = 524*v - 3343. What is i(7)?
325
Let w(q) = -q**2 + 333*q + 102935. Give w(-195).
-25
Let r(q) = q**2 - 10186*q - 686949. Calculate r(-67).
2
Let o(s) = -46*s**2 - 741*s - 856. Give o(-15).
-91
Let c(b) = -939*b - 80182. What is c(-85)?
-367
Let i(a) = -3531*a - 3463957. Give i(-981).
-46
Let k(p) = p**2 + 132*p - 11768. Determine k(61).
5
Let p(a) = a**2 + 4587*a - 69062. Calculate p(15).
-32
Let t(v) = -18*v**2 - 2823*v - 252. What is t(-156)?
2088
Let h(f) = -461*f + 3250. Determine h(10).
-1360
Let r(h) = -6343*h - 164956. What is r(-26)?
-38
Let k(i) = 7775*i + 70037. Determine k(-9).
62
Let x(p) = -2*p**3 + 134*p**2 + 3471*p + 772. Give x(87).
-11
Let w(g) = -24*g**2 + 2467*g - 1895. What is w(102)?
43
Let s(v) = 41*v**3 - 1672*v**2 - 369*v + 38. What is s(41)?
38
Let s(w) = 80*w - 9598. Determine s(122).
162
Let s(o) = -o**2 + 1117*o + 27375. Calculate s(-24).
-9
Let k(v) = -v**2 - 80429*v + 804391. Calculate k(10).
1
Let n(h) = -131961*h - 43283210. Give n(-328).
-2
Let d(l) = 2*l**3 - 19*l**2 - 286*l + 2703. What is d(12)?
-9
Let f(p) = -p**2 + 993*p - 27939. What is f(29)?
17
Let p(u) = u**2 + 4021*u + 131794. Determine p(-33).
190
Let v(x) = -x**3 + 577*x**2 + 466*x + 400644. Determine v(579).
-24
Let z(o) = -13*o**3 + 3*o**2 - 29*o - 34. Calculate z(-1).
11
Let r(f) = f**3 + 131*f**2 - 1297*f - 869. Calculate r(-140).
4311
Let l(g) = 164*g**2 + 42*g - 581. What is l(-2)?
-9
Let y(p) = -7418*p + 459912. Give y(62).
-4
Let b(i) = 2099087*i - 12594528. What is b(6)?
-6
Let t(d) = -d**3 - 3*d**2 - 22*d + 1212. Give t(-8).
1708
Let i(b) = -1841*b**3 + 18407*b**2 + 43*b - 90. What is i(10)?
40
Let t(d) = 32867*d - 230088. What is t(7)?
-19
Let a(k) = 2*k**3 + 3*k**2 - 26*k + 18. What is a(0)?
18
Let r(f) = 35*f**2 + 5118*f - 231. Determine r(-146).
-1399
Let j(n) = -47567*n - 1807570. What is j(-38)?
-24
Let n(j) = j**3 - 3*j**2 - 1603*j + 14307. Give n(9).
366
Let y(i) = i**3 + 18*i**2 - 118*i - 19. Give y(-23).
50
Let d(t) = -11*t**2 + 924*t + 8079. What is d(-8)?
-17
Let w(v) = 1109*v + 